f 250174507 and 22?
11
What is the highest common divisor of 42043064 and 224?
56
Calculate the greatest common divisor of 4929 and 20749881.
93
What is the greatest common factor of 190618792 and 168?
56
Calculate the greatest common factor of 16919344 and 16.
16
Calculate the greatest common divisor of 12600 and 13732425.
1575
What is the highest common divisor of 123151995 and 13770?
6885
Calculate the highest common divisor of 368 and 5191031.
23
What is the highest common divisor of 2907 and 277522569?
2907
Calculate the greatest common factor of 34190 and 21221470.
2630
Calculate the highest common factor of 48 and 1666218.
6
What is the highest common divisor of 4751802 and 3789?
9
Calculate the greatest common divisor of 2302 and 40156.
2
What is the greatest common divisor of 27369851 and 214?
107
What is the greatest common divisor of 4095452 and 17468?
1588
What is the greatest common divisor of 80630448 and 36?
12
Calculate the highest common divisor of 11493792 and 2862.
2862
Calculate the greatest common factor of 306468838 and 18824.
4706
Calculate the highest common factor of 9152 and 1249600.
704
What is the greatest common factor of 4056 and 20780760?
312
Calculate the highest common divisor of 5310 and 123855.
15
Calculate the highest common divisor of 489488826 and 6.
6
Calculate the greatest common divisor of 13968 and 5166608.
1552
Calculate the highest common factor of 32 and 4727248.
16
What is the greatest common factor of 7312 and 3849311?
457
Calculate the greatest common factor of 18488 and 688.
8
What is the greatest common divisor of 47047905 and 1480?
185
What is the greatest common divisor of 1 and 7034795?
1
Calculate the greatest common divisor of 38 and 59826668.
38
Calculate the greatest common divisor of 7188232 and 2096.
1048
What is the highest common factor of 943 and 261119?
23
What is the highest common divisor of 56 and 966979?
1
What is the highest common divisor of 77 and 40365787?
77
What is the greatest common divisor of 87 and 84891?
3
What is the highest common divisor of 119956 and 404?
4
Calculate the greatest common factor of 1166 and 1929309074.
1166
Calculate the greatest common divisor of 548105 and 510.
5
Calculate the highest common divisor of 883400 and 1582.
14
Calculate the highest common divisor of 54 and 112293.
27
What is the highest common divisor of 473 and 1589599?
11
Calculate the highest common divisor of 24814657 and 206.
103
What is the greatest common divisor of 8900425 and 13460?
3365
What is the highest common factor of 7128 and 4525884?
396
Calculate the highest common divisor of 1320 and 1103664210.
330
What is the highest common factor of 8008 and 635959324?
4004
What is the greatest common factor of 10362 and 27258?
66
Calculate the greatest common factor of 1888 and 9556112.
944
What is the highest common divisor of 7200 and 736224?
96
What is the greatest common factor of 1241 and 27752653?
17
What is the highest common divisor of 585 and 4590755?
65
What is the highest common factor of 64 and 130433216?
64
Calculate the greatest common divisor of 600 and 92932260.
60
What is the greatest common divisor of 243756 and 89244?
1332
What is the greatest common factor of 3427799 and 2?
1
Calculate the greatest common factor of 20183713 and 187.
11
Calculate the greatest common divisor of 84 and 276299548.
28
Calculate the highest common factor of 1672970 and 4542.
1514
What is the greatest common divisor of 539 and 1044278543?
539
Calculate the greatest common divisor of 270 and 142410.
30
Calculate the greatest common factor of 53 and 1705246168.
53
What is the highest common factor of 59891 and 64735125?
3523
What is the greatest common factor of 1569 and 15426408?
1569
Calculate the highest common divisor of 16660560 and 48530.
2110
Calculate the highest common factor of 10393677 and 1449.
1449
Calculate the highest common divisor of 15 and 2525277765.
15
Calculate the greatest common factor of 328154 and 23661998.
6982
What is the highest common factor of 1723001 and 51?
17
Calculate the greatest common divisor of 10506 and 71094.
102
Calculate the greatest common divisor of 79177249 and 4833.
179
What is the greatest common divisor of 388135 and 880?
55
Calculate the highest common factor of 2547 and 13081675.
283
Calculate the greatest common factor of 3135 and 17037680.
1045
What is the greatest common divisor of 10825605 and 945?
315
Calculate the greatest common divisor of 32733801 and 4.
1
What is the greatest common divisor of 1596095 and 13870?
95
Calculate the greatest common divisor of 14582824 and 812.
116
What is the greatest common factor of 426219 and 61287?
93
Calculate the greatest common factor of 271284 and 29910504.
5772
Calculate the highest common factor of 20262 and 245520.
66
Calculate the greatest common divisor of 53751 and 60689553.
2337
Calculate the highest common factor of 275723338 and 7994.
1142
What is the highest common divisor of 3374 and 408755039?
1687
What is the highest common factor of 174 and 2006206?
2
What is the greatest common divisor of 4212 and 429300?
324
What is the highest common factor of 54535 and 212745?
65
Calculate the greatest common divisor of 3590962 and 1216.
38
Calculate the greatest common factor of 182816 and 1472.
32
What is the greatest common divisor of 1323 and 250209?
27
Calculate the greatest common factor of 350715 and 93627.
309
Calculate the greatest common divisor of 47274920 and 18480.
3080
Calculate the highest common factor of 626162 and 26.
2
Calculate the highest common divisor of 6764318 and 77.
11
What is the greatest common divisor of 167151345 and 1335?
1335
Calculate the greatest common factor of 13376 and 13715504.
176
Calculate the greatest common divisor of 297438 and 26166.
534
Calculate the greatest common divisor of 136971 and 4902.
57
Calculate the greatest common divisor of 7078798 and 24.
2
What is the greatest common factor of 7329175 and 5?
5
What is the highest common factor of 33511812 and 24?
12
What is the highest common divisor of 22110 and 1128615?
1005
Calculate the highest common factor of 2215030 and 1958345.
1795
Calculate the greatest common divisor of 49232 and 747711.
3077
What is the highest common factor of 851 and 12897572?
23
Calculate the highest common divisor of 58 and 54830416.
58
What is the highest common factor of 44052055 and 101240?
12655
What is the greatest common divisor of 392139 and 11221513?
3961
Calculate the greatest common divisor of 553700271 and 218.
109
Calculate the highest common factor of 464 and 17197.
29
What is the highest common divisor of 46930 and 373502?
38
Calculate the highest common divisor of 4045126 and 12072.
1006
What is the greatest common divisor of 7838457 and 6865?
1373
What is the highest common divisor of 950827299 and 309?
309
What is the highest common divisor of 5949 and 174202584?
1983
What is the highest common divisor of 9032248 and 9451?
727
Calculate the greatest common factor of 57 and 70539.
3
Calculate the greatest common factor of 45187 and 6038345.
619
Calculate the greatest common factor of 383360 and 1595520.
640
Calculate the highest common divisor of 71853 and 802767.
129
Calculate the highest common factor of 2858900 and 825.
275
Calculate the highest common divisor of 18432325 and 425.
25
Calculate the greatest common factor of 35719461 and 3861.
27
Calculate the greatest common divisor of 439215 and 30.
15
Calculate the greatest common divisor of 190 and 4287654.
38
What is the greatest common divisor of 3534195 and 247835?
3395
Calculate the greatest common factor of 30386427 and 483.
69
Calculate the greatest common divisor of 45590 and 1170.
10
Calculate the highest common factor of 44972102 and 686.
686
What is the highest common divisor of 128223134 and 94016?
2938
What is the greatest common divisor of 7749064 and 72?
8
What is the greatest common factor of 216 and 59643?
27
Calculate the highest common divisor of 165 and 3875630.
55
What is the highest common divisor of 111886 and 11452703?
1301
Calculate the highest common factor of 264960 and 12060.
180
What is the highest common factor of 2816 and 3946624?
1408
Calculate the greatest common factor of 1701 and 86233653.
243
Calculate